{"id":3108,"date":"2022-11-07T23:08:49","date_gmt":"2022-11-07T20:08:49","guid":{"rendered":"https:\/\/internetborders.net\/france\/?page_id=3108"},"modified":"2022-11-07T23:25:49","modified_gmt":"2022-11-07T20:25:49","slug":"hackathon-fr","status":"publish","type":"page","link":"https:\/\/internetborders.net\/france\/fr\/hackathon-fr\/","title":{"rendered":"R\u00c8GLES DU HACKATHON"},"content":{"rendered":"\n<p>Les partenaires technologiques proposent de r\u00e9soudre les t\u00e2ches li\u00e9es au contournement des blocages, \u00e0 la promotion des VPN et \u00e0 la lutte contre la censure. Les t\u00e2ches sont r\u00e9solues selon le principe de la &#8220;chasse \u00e0 la prime&#8221; : chaque d\u00e9fi a un prix attribu\u00e9 &#8211; de 200 \u00e0 1000 dollars pour une mise en \u0153uvre r\u00e9ussie. Les \u00e9quipes recevront ces prix en esp\u00e8ces si le mentor (le partenaire technologique charg\u00e9 de la supervision de la t\u00e2che) \u00e9value bien le r\u00e9sultat.<\/p>\n\n\n\n<p>Il s&#8217;agit d&#8217;un hackathon hors ligne, donc seules les \u00e9quipes ou les participants individuels qui sont personnellement pr\u00e9sents sur le site peuvent participer. Toutefois, \u00e0 titre exceptionnel, pas plus de 2 participants \u00e0 distance sont autoris\u00e9s s&#8217;ils font partie d&#8217;une \u00e9quipe hors ligne. Le projet doit \u00eatre termin\u00e9 et soumis au jury au plus tard 5 jours apr\u00e8s la fin du hackathon.<\/p>\n\n\n\n<p>Une t\u00e2che r\u00e9solue avec succ\u00e8s ne peut pas \u00eatre r\u00e9solue \u00e0 nouveau par une autre \u00e9quipe. Le partenaire technologique (mentor de l&#8217;\u00e9quipe) peut demander d&#8217;ajouter quelque chose au travail effectu\u00e9 avant d&#8217;accepter votre projet. Les partenaires techniques se r\u00e9servent le droit de d\u00e9cider si une t\u00e2che particuli\u00e8re est accomplie ou non. Le paiement d&#8217;une t\u00e2che accomplie avec succ\u00e8s est transf\u00e9r\u00e9 sur un compte bancaire, Paypal ou Bitcoin.&nbsp;<\/p>\n\n\n\n<h2 class=\"wp-block-heading\">T\u00e2ches du hackathon<\/h2>\n\n\n\n<p>Choisissez l&#8217;une des t\u00e2ches propos\u00e9es par les partenaires du hackathon &#8211; AmneziaVPN, Lantern, Censorship.no, OONI, NewNode, et d&#8217;autres. La liste des d\u00e9fis sera \u00e9largie.<\/p>\n\n\n\n<div class=\"wp-block-buttons is-layout-flex\">\n<div class=\"wp-block-button\"><a class=\"wp-block-button__link has-white-color has-main-background-color has-text-color has-background wp-element-button\" href=\"https:\/\/internetborders.net\/france\/fr\/taches-du-hackathon\/\" style=\"border-radius:8px\" rel=\"https:\/\/internetborders.net\/france\/hackathon-challenges\/\">VOIR LES D\u00c9FIS<\/a><\/div>\n<\/div>\n\n\n\n<h2 class=\"wp-block-heading\">Comment fonctionne le hackathon<\/h2>\n\n\n\n<p>Apr\u00e8s l&#8217;inscription, les participants sont invit\u00e9s \u00e0 choisir des t\u00e2ches (challenges) et \u00e0 trouver une \u00e9quipe. La communication pendant le hackathon a lieu dans le chat. Une invitation au salon de discussion sera envoy\u00e9e par courrier aux participants inscrits.<\/p>\n\n\n\n<h3 class=\"wp-block-heading\">Jusqu&#8217;\u00e0 la nuit du vendredi 18 novembre<\/h3>\n\n\n\n<p>Inscrivez-vous en ligne, en cochant la case pour participer au hackathon. En utilisant le lien dans le courriel apr\u00e8s l&#8217;inscription, rejoignez les participants dans le chat, s\u00e9lectionnez une t\u00e2che et trouvez une \u00e9quipe (le d\u00e9fi peut \u00e9galement \u00eatre r\u00e9solu par des participants seuls sans \u00e9quipe).<\/p>\n\n\n\n<h3 class=\"wp-block-heading\">19 novembre 2022, samedi<\/h3>\n\n\n\n<p>Il s&#8217;agit d&#8217;un hackathon hors ligne. Nous invitons les \u00e9quipes \u00e0 se rendre sur place. Les organisateurs autorisent exceptionnellement un maximum de 2 participants \u00e0 distance dans chaque \u00e9quipe.<\/p>\n\n\n\n<p>10:00 \u2013 Caf\u00e9 de bienvenue, mise en r\u00e9seau.<\/p>\n\n\n\n<p>10:30 \u2013 Ouverture du Hackathon, r\u00e8gles, description des d\u00e9fis.<\/p>\n\n\n\n<p>11:00-14:00 \u2013 s\u00e9ances de mentorat, travail sur les projets<\/p>\n\n\n\n<p>14:00-15:00 \u2013 d\u00e9jeuner<\/p>\n\n\n\n<p>15:00-18:00 \u2013 s\u00e9ances de mentorat, travail sur des projets<\/p>\n\n\n\n<p>18:00-19:00 \u2013 Point de contr\u00f4le&nbsp;<\/p>\n\n\n\n<h3 class=\"wp-block-heading\">Apr\u00e8s le 19 novembre<\/h3>\n\n\n\n<p>Dans les 5 jours suivant le hackathon (avant le 25 novembre), les \u00e9quipes doivent envoyer un d\u00e9fi aux organisateurs (description en anglais du travail effectu\u00e9 et du code) pour v\u00e9rification et \u00e9valuation.<\/p>\n\n\n\n<p>Le partenaire technologique (mentor de l&#8217;\u00e9quipe) peut demander \u00e0 finaliser le projet avant de l&#8217;accepter.<\/p>\n\n\n\n<h2 class=\"wp-block-heading\">\u00c9valuation et s\u00e9lection des laur\u00e9ats<\/h2>\n\n\n\n<p>Les partenaires technologiques (ceux qui proposent des t\u00e2ches) publieront les r\u00e9sultats de l&#8217;examen des solutions et de l&#8217;\u00e9valuation sur le site Web du hackathon. Ils se r\u00e9servent le droit de d\u00e9cider si une t\u00e2che particuli\u00e8re est accomplie ou non.<\/p>\n\n\n\n<p>Pour chaque d\u00e9fi r\u00e9solu avec succ\u00e8s, les organisateurs du hackathon transf\u00e8rent une somme d&#8217;argent au repr\u00e9sentant de l&#8217;\u00e9quipe sp\u00e9cifi\u00e9 dans la description de chaque d\u00e9fi. L&#8217;argent est transf\u00e9r\u00e9 sur un compte bancaire, Paypal ou Bitcoin.<\/p>\n\n\n\n<p>Le prix total du hackathon est de 5 000 dollars.<\/p>\n\n\n<div class=\"knd-block knd-block-cta alignfull\" style=\"\">\r\n\t\t<div class=\"knd-container\">\r\n\t\t\t<div class=\"knd-block-cta__inner\">\r\n\t\t\t\t<div class=\"knd-block-cta__figure\"><img width=\"800\" height=\"762\" src=\"https:\/\/internetborders.net\/france\/wp-content\/uploads\/sites\/2\/2022\/10\/people_new.png\" class=\"attachment-large size-large\" alt=\"\" decoding=\"async\" loading=\"lazy\" srcset=\"https:\/\/internetborders.net\/france\/wp-content\/uploads\/sites\/2\/2022\/10\/people_new.png 1000w, https:\/\/internetborders.net\/france\/wp-content\/uploads\/sites\/2\/2022\/10\/people_new-300x286.png 300w, https:\/\/internetborders.net\/france\/wp-content\/uploads\/sites\/2\/2022\/10\/people_new-150x143.png 150w, https:\/\/internetborders.net\/france\/wp-content\/uploads\/sites\/2\/2022\/10\/people_new-768x732.png 768w\" sizes=\"(max-width: 800px) 100vw, 800px\" \/><\/div>\r\n\t\t\t\t<div class=\"knd-block-cta__content\">\r\n\t\t\t\t\t<div class=\"knd-block-cta__title\">R\u00e9pondez \u00e0 un d\u00e9fi, aidez \u00e0 vaincre la censure et gagnez un prix<\/div>\r\n\t\t\t\t\t<h2 class=\"knd-block-cta__text\">Participez au hackathon, soutenez les projets contre la censure web, les blocages et l&#039;isolement<\/h2>\r\n\t\t\t\t\t<div class=\"knd-block-cta__action\">\r\n\t\t\t\t<a  class=\"knd-button knd-button-lg\" role=\"button\" href=\"https:\/\/internetborders.net\/france\/fr\/inscription\">INSCRIPTION<\/a>\r\n\t\t<\/div>\r\n\t\t\t\t<\/div>\r\n\t\t\t<\/div>\r\n\t\t<\/div>\r\n\t<\/div>\n\n\n<p>Vous avez des questions ? Contactez-nous \u00e0 ibg@internetborders.net\/france<\/p>\n\n\n\n<div style=\"height:40px\" aria-hidden=\"true\" class=\"wp-block-spacer\"><\/div>\n","protected":false},"excerpt":{"rendered":"<p>Les partenaires technologiques proposent de r\u00e9soudre les t\u00e2ches li\u00e9es au contournement des blocages, \u00e0 la promotion des VPN et \u00e0 la lutte contre la censure. Les t\u00e2ches sont r\u00e9solues selon&hellip;&nbsp;<a href=\"https:\/\/internetborders.net\/france\/fr\/hackathon-fr\/\"><span class=\"meta-nav\">\u0415\u0449\u0435&nbsp;&raquo;<\/span><\/a><\/p>\n","protected":false},"author":122,"featured_media":0,"parent":0,"menu_order":0,"comment_status":"closed","ping_status":"closed","template":"","meta":{"_knd_is_page_title":false},"yoast_head":"<!-- This site is optimized with the Yoast SEO plugin v20.6 - https:\/\/yoast.com\/wordpress\/plugins\/seo\/ -->\n<title>R\u00c8GLES DU HACKATHON - \u0418\u043d\u0442\u0435\u0440\u043d\u0435\u0442 \u0431\u0435\u0437 \u0433\u0440\u0430\u043d\u0438\u0446, \u041f\u0430\u0440\u0438\u0436<\/title>\n<meta name=\"robots\" content=\"index, follow, max-snippet:-1, max-image-preview:large, max-video-preview:-1\" \/>\n<link rel=\"canonical\" href=\"https:\/\/internetborders.net\/france\/fr\/hackathon-fr\/\" \/>\n<meta property=\"og:locale\" content=\"ru_RU\" \/>\n<meta property=\"og:type\" content=\"article\" \/>\n<meta property=\"og:title\" content=\"R\u00c8GLES DU HACKATHON - \u0418\u043d\u0442\u0435\u0440\u043d\u0435\u0442 \u0431\u0435\u0437 \u0433\u0440\u0430\u043d\u0438\u0446, \u041f\u0430\u0440\u0438\u0436\" \/>\n<meta property=\"og:description\" content=\"Les partenaires technologiques proposent de r\u00e9soudre les t\u00e2ches li\u00e9es au contournement des blocages, \u00e0 la promotion des VPN et \u00e0 la lutte contre la censure. Les t\u00e2ches sont r\u00e9solues selon&hellip;&nbsp;\u0415\u0449\u0435&nbsp;&raquo;\" \/>\n<meta property=\"og:url\" content=\"https:\/\/internetborders.net\/france\/fr\/hackathon-fr\/\" \/>\n<meta property=\"og:site_name\" content=\"\u0418\u043d\u0442\u0435\u0440\u043d\u0435\u0442 \u0431\u0435\u0437 \u0433\u0440\u0430\u043d\u0438\u0446, \u041f\u0430\u0440\u0438\u0436\" \/>\n<meta property=\"article:modified_time\" content=\"2022-11-07T20:25:49+00:00\" \/>\n<meta name=\"twitter:card\" content=\"summary_large_image\" \/>\n<meta name=\"twitter:label1\" content=\"\u041f\u0440\u0438\u043c\u0435\u0440\u043d\u043e\u0435 \u0432\u0440\u0435\u043c\u044f \u0434\u043b\u044f \u0447\u0442\u0435\u043d\u0438\u044f\" \/>\n\t<meta name=\"twitter:data1\" content=\"3 \u043c\u0438\u043d\u0443\u0442\u044b\" \/>\n<script type=\"application\/ld+json\" class=\"yoast-schema-graph\">{\"@context\":\"https:\/\/schema.org\",\"@graph\":[{\"@type\":\"WebPage\",\"@id\":\"https:\/\/internetborders.net\/france\/fr\/hackathon-fr\/\",\"url\":\"https:\/\/internetborders.net\/france\/fr\/hackathon-fr\/\",\"name\":\"R\u00c8GLES DU HACKATHON - \u0418\u043d\u0442\u0435\u0440\u043d\u0435\u0442 \u0431\u0435\u0437 \u0433\u0440\u0430\u043d\u0438\u0446, \u041f\u0430\u0440\u0438\u0436\",\"isPartOf\":{\"@id\":\"https:\/\/internetborders.net\/france\/#website\"},\"datePublished\":\"2022-11-07T20:08:49+00:00\",\"dateModified\":\"2022-11-07T20:25:49+00:00\",\"breadcrumb\":{\"@id\":\"https:\/\/internetborders.net\/france\/fr\/hackathon-fr\/#breadcrumb\"},\"inLanguage\":\"ru-RU\",\"potentialAction\":[{\"@type\":\"ReadAction\",\"target\":[\"https:\/\/internetborders.net\/france\/fr\/hackathon-fr\/\"]}]},{\"@type\":\"BreadcrumbList\",\"@id\":\"https:\/\/internetborders.net\/france\/fr\/hackathon-fr\/#breadcrumb\",\"itemListElement\":[{\"@type\":\"ListItem\",\"position\":1,\"name\":\"\u0413\u043b\u0430\u0432\u043d\u0430\u044f\",\"item\":\"https:\/\/internetborders.net\/france\/\"},{\"@type\":\"ListItem\",\"position\":2,\"name\":\"R\u00c8GLES DU HACKATHON\"}]},{\"@type\":\"WebSite\",\"@id\":\"https:\/\/internetborders.net\/france\/#website\",\"url\":\"https:\/\/internetborders.net\/france\/\",\"name\":\"\u0418\u043d\u0442\u0435\u0440\u043d\u0435\u0442 \u0431\u0435\u0437 \u0433\u0440\u0430\u043d\u0438\u0446, \u041f\u0430\u0440\u0438\u0436\",\"description\":\"\u0421\u0435\u0440\u0438\u044f \u043a\u043e\u043d\u0444\u0435\u0440\u0435\u043d\u0446\u0438\u0439 \u0437\u0430 \u0438\u043d\u0442\u0435\u0440\u043d\u0435\u0442 \u0431\u0435\u0437 \u0446\u0435\u043d\u0437\u0443\u0440\u044b\",\"publisher\":{\"@id\":\"https:\/\/internetborders.net\/france\/#organization\"},\"potentialAction\":[{\"@type\":\"SearchAction\",\"target\":{\"@type\":\"EntryPoint\",\"urlTemplate\":\"https:\/\/internetborders.net\/france\/?s={search_term_string}\"},\"query-input\":\"required name=search_term_string\"}],\"inLanguage\":\"ru-RU\"},{\"@type\":\"Organization\",\"@id\":\"https:\/\/internetborders.net\/france\/#organization\",\"name\":\"\u0418\u043d\u0442\u0435\u0440\u043d\u0435\u0442 \u0431\u0435\u0437 \u0433\u0440\u0430\u043d\u0438\u0446, \u041f\u0430\u0440\u0438\u0436\",\"url\":\"https:\/\/internetborders.net\/france\/\",\"logo\":{\"@type\":\"ImageObject\",\"inLanguage\":\"ru-RU\",\"@id\":\"https:\/\/internetborders.net\/france\/#\/schema\/logo\/image\/\",\"url\":\"https:\/\/internetborders.net\/france\/wp-content\/uploads\/sites\/2\/2022\/11\/cropped-avatar_120x120px.png\",\"contentUrl\":\"https:\/\/internetborders.net\/france\/wp-content\/uploads\/sites\/2\/2022\/11\/cropped-avatar_120x120px.png\",\"width\":122,\"height\":122,\"caption\":\"\u0418\u043d\u0442\u0435\u0440\u043d\u0435\u0442 \u0431\u0435\u0437 \u0433\u0440\u0430\u043d\u0438\u0446, \u041f\u0430\u0440\u0438\u0436\"},\"image\":{\"@id\":\"https:\/\/internetborders.net\/france\/#\/schema\/logo\/image\/\"}}]}<\/script>\n<!-- \/ Yoast SEO plugin. -->","yoast_head_json":{"title":"R\u00c8GLES DU HACKATHON - \u0418\u043d\u0442\u0435\u0440\u043d\u0435\u0442 \u0431\u0435\u0437 \u0433\u0440\u0430\u043d\u0438\u0446, \u041f\u0430\u0440\u0438\u0436","robots":{"index":"index","follow":"follow","max-snippet":"max-snippet:-1","max-image-preview":"max-image-preview:large","max-video-preview":"max-video-preview:-1"},"canonical":"https:\/\/internetborders.net\/france\/fr\/hackathon-fr\/","og_locale":"ru_RU","og_type":"article","og_title":"R\u00c8GLES DU HACKATHON - \u0418\u043d\u0442\u0435\u0440\u043d\u0435\u0442 \u0431\u0435\u0437 \u0433\u0440\u0430\u043d\u0438\u0446, \u041f\u0430\u0440\u0438\u0436","og_description":"Les partenaires technologiques proposent de r\u00e9soudre les t\u00e2ches li\u00e9es au contournement des blocages, \u00e0 la promotion des VPN et \u00e0 la lutte contre la censure. Les t\u00e2ches sont r\u00e9solues selon&hellip;&nbsp;\u0415\u0449\u0435&nbsp;&raquo;","og_url":"https:\/\/internetborders.net\/france\/fr\/hackathon-fr\/","og_site_name":"\u0418\u043d\u0442\u0435\u0440\u043d\u0435\u0442 \u0431\u0435\u0437 \u0433\u0440\u0430\u043d\u0438\u0446, \u041f\u0430\u0440\u0438\u0436","article_modified_time":"2022-11-07T20:25:49+00:00","twitter_card":"summary_large_image","twitter_misc":{"\u041f\u0440\u0438\u043c\u0435\u0440\u043d\u043e\u0435 \u0432\u0440\u0435\u043c\u044f \u0434\u043b\u044f \u0447\u0442\u0435\u043d\u0438\u044f":"3 \u043c\u0438\u043d\u0443\u0442\u044b"},"schema":{"@context":"https:\/\/schema.org","@graph":[{"@type":"WebPage","@id":"https:\/\/internetborders.net\/france\/fr\/hackathon-fr\/","url":"https:\/\/internetborders.net\/france\/fr\/hackathon-fr\/","name":"R\u00c8GLES DU HACKATHON - \u0418\u043d\u0442\u0435\u0440\u043d\u0435\u0442 \u0431\u0435\u0437 \u0433\u0440\u0430\u043d\u0438\u0446, \u041f\u0430\u0440\u0438\u0436","isPartOf":{"@id":"https:\/\/internetborders.net\/france\/#website"},"datePublished":"2022-11-07T20:08:49+00:00","dateModified":"2022-11-07T20:25:49+00:00","breadcrumb":{"@id":"https:\/\/internetborders.net\/france\/fr\/hackathon-fr\/#breadcrumb"},"inLanguage":"ru-RU","potentialAction":[{"@type":"ReadAction","target":["https:\/\/internetborders.net\/france\/fr\/hackathon-fr\/"]}]},{"@type":"BreadcrumbList","@id":"https:\/\/internetborders.net\/france\/fr\/hackathon-fr\/#breadcrumb","itemListElement":[{"@type":"ListItem","position":1,"name":"\u0413\u043b\u0430\u0432\u043d\u0430\u044f","item":"https:\/\/internetborders.net\/france\/"},{"@type":"ListItem","position":2,"name":"R\u00c8GLES DU HACKATHON"}]},{"@type":"WebSite","@id":"https:\/\/internetborders.net\/france\/#website","url":"https:\/\/internetborders.net\/france\/","name":"\u0418\u043d\u0442\u0435\u0440\u043d\u0435\u0442 \u0431\u0435\u0437 \u0433\u0440\u0430\u043d\u0438\u0446, \u041f\u0430\u0440\u0438\u0436","description":"\u0421\u0435\u0440\u0438\u044f \u043a\u043e\u043d\u0444\u0435\u0440\u0435\u043d\u0446\u0438\u0439 \u0437\u0430 \u0438\u043d\u0442\u0435\u0440\u043d\u0435\u0442 \u0431\u0435\u0437 \u0446\u0435\u043d\u0437\u0443\u0440\u044b","publisher":{"@id":"https:\/\/internetborders.net\/france\/#organization"},"potentialAction":[{"@type":"SearchAction","target":{"@type":"EntryPoint","urlTemplate":"https:\/\/internetborders.net\/france\/?s={search_term_string}"},"query-input":"required name=search_term_string"}],"inLanguage":"ru-RU"},{"@type":"Organization","@id":"https:\/\/internetborders.net\/france\/#organization","name":"\u0418\u043d\u0442\u0435\u0440\u043d\u0435\u0442 \u0431\u0435\u0437 \u0433\u0440\u0430\u043d\u0438\u0446, \u041f\u0430\u0440\u0438\u0436","url":"https:\/\/internetborders.net\/france\/","logo":{"@type":"ImageObject","inLanguage":"ru-RU","@id":"https:\/\/internetborders.net\/france\/#\/schema\/logo\/image\/","url":"https:\/\/internetborders.net\/france\/wp-content\/uploads\/sites\/2\/2022\/11\/cropped-avatar_120x120px.png","contentUrl":"https:\/\/internetborders.net\/france\/wp-content\/uploads\/sites\/2\/2022\/11\/cropped-avatar_120x120px.png","width":122,"height":122,"caption":"\u0418\u043d\u0442\u0435\u0440\u043d\u0435\u0442 \u0431\u0435\u0437 \u0433\u0440\u0430\u043d\u0438\u0446, \u041f\u0430\u0440\u0438\u0436"},"image":{"@id":"https:\/\/internetborders.net\/france\/#\/schema\/logo\/image\/"}}]}},"_links":{"self":[{"href":"https:\/\/internetborders.net\/france\/wp-json\/wp\/v2\/pages\/3108"}],"collection":[{"href":"https:\/\/internetborders.net\/france\/wp-json\/wp\/v2\/pages"}],"about":[{"href":"https:\/\/internetborders.net\/france\/wp-json\/wp\/v2\/types\/page"}],"author":[{"embeddable":true,"href":"https:\/\/internetborders.net\/france\/wp-json\/wp\/v2\/users\/122"}],"replies":[{"embeddable":true,"href":"https:\/\/internetborders.net\/france\/wp-json\/wp\/v2\/comments?post=3108"}],"version-history":[{"count":4,"href":"https:\/\/internetborders.net\/france\/wp-json\/wp\/v2\/pages\/3108\/revisions"}],"predecessor-version":[{"id":3117,"href":"https:\/\/internetborders.net\/france\/wp-json\/wp\/v2\/pages\/3108\/revisions\/3117"}],"wp:attachment":[{"href":"https:\/\/internetborders.net\/france\/wp-json\/wp\/v2\/media?parent=3108"}],"curies":[{"name":"wp","href":"https:\/\/api.w.org\/{rel}","templated":true}]}}